at is (52 - 0) + 87 + -77 - (0 + 15)?
47
What is the value of 16 + (-15 - -6) + (12 - (16 + 46))?
-43
Evaluate 195 + -234 + (0 - -9 - 2).
-32
Calculate -3 + ((-114 - -99) + (27 - 2) - -44).
51
Evaluate 1 + 17 + (25 - (31 - (4 - 2))).
14
What is the value of -502 + 444 + (2 - (-1 + 5))?
-60
What is (148 - 139) + 90 + (0 - -3) + 10?
112
(7 - 8) + -7 - -68
60
-10 + -118 + 121 - (0 + 3 - -21)
-31
What is the value of (-1 - -15) + 1054 + -1112?
-44
What is the value of 55 + -10 - (12 - 2 - ((31 - 17) + -4))?
45
What is 0 + -9 + 104 + -48 + -83?
-36
Evaluate (0 + -6 - 0 - (-8 - -2)) + (-55 - -4).
-51
Evaluate (-29 + 6 + 3 - -9 - -9 - 5) + -50.
-57
Evaluate (-10 - -5) + 24 - (-85 - -75 - -145).
-116
Calculate 5 - (268 - 209 - (6 - -1)).
-47
What is -49 + 0 + 1 + -6 + 2 + 3 + -3?
-52
What is -63 - -37 - 75 - -148?
47
Evaluate 4 + -3 + -5 + -7 - -13 - 44.
-42
What is the value of (1032 - 1015) + -1 + -33?
-17
Calculate (-23 - -54) + 10 + (-10 - -18) + -6 + 0.
43
What is the value of -15 + -23 + 33 + -36 + (7 - 15)?
-49
(3 - -18) + 17 + 2 - 19
21
What is 27 + -19 + -18 + 2 + 1 - (-1 - -2)?
-8
What is (-272 - -268 - (-19 - 0)) + -12?
3
Evaluate 16 + (1 - 2) - (-304 + 392 + -94).
21
Evaluate 4 + -8 + (7 - -2) - (-49 + 72).
-18
What is the value of 32 + -17 + (2 - -73 - (-56 + 25 + 17))?
104
-104 + (-85 + 179 - 68)
-78
Calculate -50 - (-3 - -4 - (-39 - -19 - -23)).
-48
What is the value of -24 + -1 + (5665 - 5656)?
-16
What is (111 - 96) + -2 + 17 + 3?
33
Calculate (-14 - -2) + (-23 + 41 - (-22 + (-15 - -13))).
30
What is the value of (2 + 5 - (-7 + -23 + 28) - 12) + 18?
15
What is (-34 + 1 - -11) + -2 + 41 - -96?
113
Calculate 9 + (2 - -6) + -198 + 151.
-30
What is the value of -104 + 4 - -112 - (-2 + 74 + -2)?
-58
-48 + 83 + (16 - 58)
-7
Evaluate (14 - (3 - 4)) + -16 + (40 - 20) + -15.
4
5 + 1 - (24 + -27 + 22)
-13
What is the value of 196 + -121 - (4 + 43)?
28
What is the value of 91 - (140 - 56 - 57)?
64
Calculate (-1130 - -1116) + 2 + 102 + -17 + 16.
89
What is the value of (29 + -97 - -74) + -36?
-30
62 - (21 + 92 + -56)
5
What is (-29 - -40) + (-10 - 0 - -19) + -13 + -68?
-61
-4 + (4 - -8) - 0 - (9 - (-9 - -30))
20
Evaluate (-211 - -164) + (-3 - -2) + 29 - (1 + 12).
-32
Evaluate -11 + (-28 - -32) + -58 + 0 + -2 + 9.
-58
-28245 + 28207 - (0 - -1 - 29)
-10
What is the value of (-2 - (2 + -3)) + (-20 + -105 - -105)?
-21
What is the value of (40 - -21 - (-28 + 34)) + -5?
50
What is 1073 - 1065 - (0 + -7 + (-4 + 0 - -1))?
18
What is the value of -49 - 10 - ((17 - -6 - -5) + -4)?
-83
Evaluate -8 - (-26 + 27) - 4 - -23.
10
Calculate 133 + (-7 - 31) - (11 + -1 + -27).
112
Evaluate -46 - (-16 - -26 - 39).
-17
66 + 56 + -54 + 10
78
1 + -1 - (-22 + 53 - 10 - (1 - 1))
-21
Calculate -262 + 305 - (-4 - -10 - 39).
76
(-18 - -15) + -14 - -15 - (-1 - 0 - 10)
9
What is (46 - -51) + (0 - 25) - -21?
93
What is the value of -27 + 14 + 69 + -6?
50
-9 + 30 - (44 - (-38 - -83))
22
Calculate (-1 - -4) + (5 + -13 + 0 - 38 - -20).
-23
Calculate 0 + -16 - (686 + -706).
4
What is the value of (4 - 3) + ((-29 - (-9 + 6)) + -2 - -4)?
-23
Calculate 11 - (2 + 1 + 41 + (23 - 36)).
-20
Evaluate -16 + (-12 - 68 - -21) + -3 + 2 + 14.
-62
Calculate 5 + -14 + -2 + 31 + (-12 - 17) + 81.
72
What is the value of 18 - (2 - (-18 + -1 - (-277 + 269))) - 132?
-127
30 - 31 - -65 - 66
-2
What is -10 - (11 - (-3 + 4 + 4 - (5 - 4)))?
-17
Calculate -9 - (38 - (55 - 45)).
-37
Calculate -2 - -2 - ((-3 - 21 - -24) + -12).
12
Evaluate -84 - (196 - 195) - (-21 - 1).
-63
What is -15 + 13 + -5 + -6 + 54 + -1 + 3?
43
(0 - (33 + -16)) + 10 + 7 + 1
1
What is the value of -148 + 182 - (-8 - (-5 + -1))?
36
Evaluate 45 + (-1 - -23 - 49) - -41.
59
7 + (-3 - -1 - (2 - (16 + 1)))
20
Calculate -1 + -1 - (-1 - 14) - (-3856 + 3882).
-13
Calculate -27 - (20 - (45 - (20 - 23))).
1
19 + -5 - (38 + -17 + -38)
31
Calculate (6 - 5) + (58 - (-5 + 2)) + 3.
65
Calculate -87 + (-2 - -38) - -17.
-34
Evaluate -3 + -4 + (-4 - (57 - (0 + (8 - 14)))).
-74
What is -16 + 2 + 60 + 2 + (5 + -33 - -34)?
54
Calculate 3 - ((13 - -3) + -10 - (-40 + -2)).
-45
What is -13 - (-23 + -22 - 9 - -23) - 158?
-140
What is -26 + 0 + (10 - 18) + (-85 - -93)?
-26
Evaluate -7 + (22 - (13 + -5)) + (47 - (-29 + 14)).
69
Evaluate -11 + (-26 - -50 - -57) + -24.
46
What is the value of -5 + -47 + 9 + 3 - 15?
-55
What is the value of -11 + (20 - (6 - (-13 - -12) - -5))?
-3
Calculate -6 - (-46 - -19 - -75 - -37).
-91
Evaluate (56 - (0 + 0 - 10)) + -11 - -4.
59
Evaluate -18 - 0 - (4271 - 4214).
-75
What is the value of 53 + (13 + -52 - -31)?
45
Evaluate -44 - (-104 + 85) - (-1 + -46).
22
Evaluate -65 + 156 - 15 - 137.
-61
What is (150 - (8 + 183) - (-2 - (0 - 0))) + -14?
-53
Calculate -2007 - -2008 - (-46 - 1).
48
What is 44 + -79 + (-11 - -63)?
17
-5 - -13 - ((10 - (17 - -2) - -5) + -7)
19
What is the value of (-14 - -2) + -4 + -11?
-27
Evaluate (-9 + -10 - -43) + -76.
-52
Evaluate (-58 + -5 - -50) + -8 + 2.
-19
What is the value of -1 + (-55 + 56 - -59)?
59
Calculate 1 + (-4 - 0) - (55 - (-66 - -117)).
-7
Evaluate 0 + (13 - (-13 + (-23 - -20))).
29
Evaluate (36 - 0) + (1343 - 1338).
41
What is the value of (1 - 3) + (1 - -8) - (9386 - 9378)?
-1
1027 + -1003 - (-3 + 59)
-32
What is the value of -2 - 5 - (-22 - (12 - (-5 + -68)))?
100
What is the value of -53 - ((-82 - -53) + -24)?
0
Calculate 7 + 13 + -11 + 15 + (-86 - -106).
44
Calculate -11 - (-8 + -3 + -1 + -8) - -4.
13
Evaluate 3 + -48 - (-268 - -218).
5
Calculate (-75 - ((-4 - -3) + 3)) + 12 + 9.
-56
Calculate -40 + 0 + 28 + -16.
-28
(-1173 + 1155 - (-2 + -7 + -1)) + (42 - 1)
33
What is the value of 2163 - 2189 - ((-3 - 26) + -4)?
7
Calculate 34 + (93 - (216 - 23)).
-66
Calculate (1 - -9) + (5 + 2 - -7 - 30).
-6
-153 - 10 - (12 - 54) - -37
-84
What is 9 + (3 - (86 + (-1 - 16) + 1))?
-58
Calculate 4 + -6 + (7 - 17) + 17 + -3 - -7.
9
What is the value of -29 - (-57 + -17 - 6)?
51
What is 113 + (-54 + 47 - 83)?
23
What is the value of 11 + (11 - 12 - -1) - (-7 - (-132 + -11))?
-125
Evaluate (12 - (71 - 55)) + 0 + 23.
19
Evaluate (-4 - 16) + (7 - 6) + -2 + 5.
-16
Evaluate 22 + -8 - 0 - (0 + 20).
-6
Evaluate -12 - (-38 - -31 - 54) - (1 + 8).
40
What is -38 + 6 + 21 + -12 + -72?
-95
Calculate -15 + 13 + -2 - (-68 + 98).
-34
What is the value of 38 - ((1 - -7) + -167 + 149 - (0 - -2))?
50
What is -29 - -36 - (65 + -24)?
-34
Evaluate (21 - -1) + 88 + -6 + -16 + -24.
64
What is 15 + -22 + (-2 - (-12 + 12 + -12))?
3
What is the value of -12 + (101 - 2) + -316 + 334 + -11?
94
Calculate 64 - (-27 - -76 - -17).
-2
What is the value of -13 - (2 + -66 - 0 - (818 - 820))?
49
What is the value of 0 + (24 - (-15 - -5 - (-22 + 6 - -12)))?
30
Evaluate -25 - ((84 - 62) + 6).
-53
0 - (-9 + 1 + (-58 - -54))
12
What is -21 + 1 + 1 + (-447 - -463)?
-3
Calculate -55 + (27 - (-91 + 126)).
-63
What is 3 + 44 + -17 + (7 + -3 - 0)?
34
Calculate (3 - -2) + (55 - (85 - 22)).
-3
What is the value of 34 + -19 + 6 + -26 - (-4 + (26 - 4))?
-23
Evaluate (-3 - -29 - (-36 + 52)) + 0 + -15.
-5
Calculate 48 + -21 + 65 + -107 + 64.
49
32 - 22 - (0 + (4 - (18 + -7)) + 64)
-47
What is the value of -2 + 1 + -64 + 83 + -49?
-31
Evaluate 29 + (-107 - (-217 + 58)).
81
What is (144 - 12) + -9 + -77?
46
What is 2 - -11 - ((-25 - -52 - 51) + 75 + -3)?
-35
Calculate (50 + 19 - 49) + (28 - -3).
51
What is 2 + 22 + 10 + (-13 - (-10 - -5))?
26
Calculate -11 - (-26 + (12 + -11 - (6 - 5))).
15
Calculate 32 - 53 - (35 + -30 + 11).
-37
Calculate -4 + 6 + (-12 - (15 - 6)).
-19
(42 + 4 - 2) + (-62 - (-69 + 33) - -20)
38
(24 + -1 - (20 + -18)) + (52 - (6 - -35))
32
What is the value of 13 - (-28 - (16 + -23)) - -24?
58
What is 0 + -11 - (11 + -77 + -35 - (14 + -2))?
102
7465 + -7470 - (2 + (-1 - -2))
-8
Calculate 2021 - 2012 - (34 + 0).
-25
-2 - (-23 - -14) - (8 - ((-10 - -3) + 116))
108
What is the value of 81 + -38 - -90 - 61?
72
Calculate (-58 - -2) + (379 - 357).
-34
Calculate (9 + 35 - 136) + 75.
-17
Evaluate -123 + 140 - (46 - 61).
32
Evaluate (111 - -65 - 108) + -211.
-143
What is (-2 - -5) + 9 + -37 + 3 - (1 - -10)?
-33
Evaluate -68 - -104 - (7 + -18).
47
Calculate -27 + (-23 - -60) + -36.
-26
What is the value of -61 - -127 - 89 - 26?
-49
Evaluate -23 - (-4 - 58) - (5 + 2 + 5).
27
-4 - -86 - (54 + -61 - -24)
65
What is -19 - -3 - (0 + 93)?
-109
What is